s + 235 = 6*s. Calculate the remainder when s is divided by w(h).
7
Let l(h) = h**3 + 2*h**2 + 33*h - 95. Calculate the remainder when l(7) is divided by 29.
26
Let n(l) = 2*l**2 - 12*l + 18. Let k be n(8). What is the remainder when 36 is divided by (-1)/(-2) + 475/k?
6
Suppose -4*k + 16 = 0, -5*c - 2*k = -4*k + 293. Let u = 77 + c. Calculate the remainder when 60 is divided by u.
0
Let m be (36/(-8))/(1/(-2)). What is the remainder when 17 is divided by (-36)/(-20)*(42/m + -3)?
2
Suppose -o + s + 17 = -507, -o + 524 = 3*s. Let y = o + -516. What is the remainder when 109 is divided by y?
5
Let s be ((-8)/12)/((-2)/3)*3. Calculate the remainder when (5/10)/(2/328) + s is divided by 3/(-1 + -2) + 23.
19
Suppose -2*x - 19 = -5*j, -5*j + 4 + 21 = -5*x. Suppose 4*f - 378 = -2*p, -j*f + 4*f + p = 92. What is the remainder when f is divided by 1 + 2 - (281 + -311)?
31
Suppose 5*u + 9 - 24 = 0. Let h be (4/(-10))/(u/(-60)*2). Suppose 0 = -2*z + h*v + 18, 2*z - 2 - 28 = -2*v. What is the remainder when 24 is divided by z?
11
Let b = -20834 - -21266. What is the remainder when b is divided by 165?
102
Let g(u) = 38*u + 112. Let j be g(8). Suppose 0 = -42*t + 718 + j. Calculate the remainder when 402 is divided by t.
24
Suppose -3*y = 15*y + 3492. Let l = y + 605. Calculate the remainder when l is divided by 59.
57
Suppose h + 4*i - 1089 = 0, 0 = 3*h + 2*i - 972 - 2345. Calculate the remainder when 4440 is divided by h.
4
Suppose -8 = 4*j, 0 = -y - 3*j - 6 + 18. What is the remainder when 223 is divided by y?
7
Let z = -30486 + 30543. Calculate the remainder when 46168 is divided by z.
55
Let r = -136 - -155. Calculate the remainder when 603 is divided by r.
14
Let s(g) = -200*g - 12. Let d be s(1). Let x = 232 + d. Calculate the remainder when 115 is divided by x.
15
Let y(m) = -4*m - 26. Let g be y(-6). Let x = g - -6. Calculate the remainder when 26 is divided by 52/x + 2 + 0 + -1.
12
Suppose 9*b - 18 = 8*b. Suppose -2*g + b = -g - 5*x, 3 = -g - 2*x. Suppose 534 = g*k - 90. Calculate the remainder when k is divided by 30.
28
Let x = 5338 - 5237. What is the remainder when 688 is divided by x?
82
Let c(g) = -g**2 + 5*g + 9. Let h(b) = -b**2 + 7*b + 6. Let u be h(8). Let x = 8 + u. Calculate the remainder when 5 is divided by c(x).
2
Calculate the remainder when 167 is divided by (1436/12 - 2) + 7/21.
49
Let u be 5/(-2)*(-8)/10. Suppose 3*d - 68 = -4*h, -u*h + 3*d + 32 = 4*d. Suppose 85 + 113 = 3*v. Calculate the remainder when v is divided by h.
10
Suppose -524 = -5*k + 2*t, -2*t - t = 2*k - 202. Let m = 149 - k. Let s(q) = 2*q**2 + 3*q - 12. What is the remainder when s(9) is divided by m?
42
Suppose -3*o = -2*o - 27. Suppose 3*v + 5*y - 61 = 0, 0 = 27*y - 32*y + 25. Suppose v = -q + o. Calculate the remainder when 28 is divided by q.
13
Calculate the remainder when 1825 is divided by (35 + (-184)/5)*100/(-6).
25
Suppose 12 = -2*p + 2*y - 10, 2*p = 3*y - 27. Calculate the remainder when ((-81)/9 - p)*-79 is divided by 17.
16
Let c = 67 + -37. Suppose 9*n - c + 3 = 0. Suppose 2*a = -n*o + a + 310, a + 205 = 2*o. Calculate the remainder when o is divided by 27.
22
Let k be (-2 + 1 + 0)/((-27)/108). Suppose 4 = z, -4*y - 84 = k*z - 516. Calculate the remainder when y is divided by 22.
16
Let v(s) = -2*s + 28. Let q be v(9). Suppose 0 = 5*b - q*b + 615. What is the remainder when b is divided by 18?
15
Suppose -4 - 21 = -5*i. Let l(s) = 12*s - 2. Let t be l(20). Let m = t - 231. What is the remainder when m is divided by i?
2
Let s(c) = -2*c + 14. Let k = 42 - 34. Suppose -3*m = 4*i + m - k, -5*i + 19 = -4*m. What is the remainder when 55 is divided by s(i)?
7
Let h(s) = s**3 - 13*s**2 + 13*s - 12. Let q be h(12). Suppose 68*b - 73*b + 45 = q. What is the remainder when 80 is divided by b?
8
What is the remainder when -304*(1 + (-20)/3) + (-490)/(-210) is divided by 176?
141
Suppose -13*c - 19*c - 1341 + 31581 = 0. Calculate the remainder when c is divided by 118.
1
Let l = -552 + 885. What is the remainder when l is divided by 16?
13
Let d = -484 - -462. What is the remainder when 17 is divided by (4/d)/((-4)/220)?
7
Suppose -4*i - 759 = -162*y + 157*y, y = -4*i + 123. What is the remainder when y is divided by 6?
3
Let c = 83 + -81. Suppose f + l - 20 = -4*f, -5 = f + c*l. Suppose -f*t + 231 = -2*y + 3*y, -3*y = -4*t + 200. Calculate the remainder when t is divided by 19.
9
Let z = 658 - 550. Suppose 35*k + z = 38*k. Calculate the remainder when k is divided by 13.
10
Let t(v) = -9*v - 5. Suppose -n - 4*d = -28, -7*d + 52 = 3*n - 3*d. Let j = 9 - n. What is the remainder when t(j) is divided by 6?
4
Let p be (2/(12/(-27)))/((-3)/4). Suppose -r + 2*y = -117, -r + p*r = -y + 607. Let l(c) = 3*c**2 - 2*c + 1. What is the remainder when r is divided by l(4)?
39
Suppose 1608 = -49*b + 45*b. Let q = -293 - b. What is the remainder when q is divided by 14?
11
Let c(s) = s**2 - 7*s + 2. Suppose -3*v + 303 = -5*z, -2*v - 4*z = -0*z - 202. Suppose 100*i - v*i + 55 = 0. Calculate the remainder when i is divided by c(9).
15
Let u = -33907 + 49265. Calculate the remainder when u is divided by 40.
38
Let x = 600 - 576. Calculate the remainder when (6 + -7)/((-4596)/2296 - -2) is divided by x.
22
Let s(t) = -451*t - 881. Let c = 118 - 35. Calculate the remainder when c is divided by s(-2).
20
Let d = -42859 - -43357. What is the remainder when d is divided by 36?
30
Let z(a) = -3*a**2 + 13*a + 7. What is the remainder when 82 is divided by z(3)?
6
Let s(z) = 198*z + 5. Let t be s(-1). Let j = t + 644. What is the remainder when j is divided by 91?
87
Let v = 1529 - 1470. Let n = -34 - -209. What is the remainder when n is divided by v?
57
Let c(b) be the second derivative of -b**5/20 - b**4/12 + 2*b**3/3 - 2*b. What is the remainder when (35*2)/(13 - 11) is divided by c(-3)?
5
What is the remainder when 1/3*15795/390*246 is divided by 15?
6
What is the remainder when 717 is divided by 45/(-2)*(-89 + 87)?
42
Suppose 3*h - 8 - 1 = -4*i, 2*h = 3*i - 11. Let a = 25 + -25. Suppose a = -5*u - 1 + 91. Calculate the remainder when u is divided by i.
0
Suppose -70*q - 67*q + 7360 = -22*q. Calculate the remainder when 4400 is divided by q.
48
Let k(s) = -2*s - 7. Let l be k(-5). Calculate the remainder when 94 - (-11 + 11 + (-42)/(-6)) is divided by ((-6)/(-4))/(l/18).
6
What is the remainder when 372 is divided by -9*((-40)/9 + 34/153)?
30
What is the remainder when 35*-3*14/(-35) is divided by (-18)/(-2) - 20/(60/(-39))?
20
Let t = -63 - -33. Let k = 34 + t. Calculate the remainder when 10 is divided by k.
2
Calculate the remainder when 13 is divided by 504/54 - (-10)/6.
2
Suppose 0 = -28*l + 61*l - 22605. Let k = -663 + l. Calculate the remainder when 167 is divided by k.
13
Calculate the remainder when 2855*(110/10 + -19 + 108/10) is divided by 62.
58
Suppose -q = 5*y + 13, 0 = 3*q - 5*q + 4*y + 44. Let l be (0 - 1/(-2))*q/3. What is the remainder when 3*((-23)/(-3) - l) is divided by 4?
1
Let z be ((-7)/(-14))/(1/2) - -4. Suppose 4*m + 2*x - 35 = -9, -z*m + 3*x + 49 = 0. Suppose -10 + 330 = m*l. Calculate the remainder when l is divided by 14.
12
Let t = 4160 + -4023. Calculate the remainder when t is divided by 55.
27
Suppose -29*a = 37*a - 5*a - 14823. Calculate the remainder when a is divided by 12.
3
Suppose -4*w + 16 = 0, 126 + 72 = -5*g + 2*w. Let m = g - -167. What is the remainder when m is divided by 44?
41
Let a be -11 - (4 + -34)/6. Calculate the remainder when (-122)/a - (52/12 - 3) is divided by 4.
3
Suppose 3*y = 8*y + 3*k, 0 = 5*y - 5*k - 40. What is the remainder when 125 is divided by (5 + -4)/(y/81)?
17
Suppose 30*h = -11*h + 6416 - 184. Calculate the remainder when h is divided by 56.
40
Let a = 8270 + -7520. Calculate the remainder when a is divided by 20.
10
Let h = -4337 + 4378. Calculate the remainder when 212 is divided by h.
7
Let q(u) = -2*u**3 + 13*u**2 + 83*u - 8. Let r(y) = -y**3 + 7*y**2 + 42*y - 4. Let a(n) = -3*q(n) + 5*r(n). What is the remainder when a(10) is divided by 36?
34
What is the remainder when 25/35 + (-59280)/(-210) is divided by 33?
19
Let h be -4*1/(-2) - 83. What is the remainder when 1*11 + (-9)/(h/18) is divided by (-2)/(-8) + (-27)/(-4)?
6
Suppose 6*k - 8*k = -2*i - 22, 0 = k - 5*i - 3. Calculate the remainder when 